 Let f be j/28 - (-90)/4. What is the greatest common factor of 299 and f?
23
Suppose 21*z + 198 = 32*z. Let k be (-154)/(-9) - z/162. Calculate the highest common factor of k and 17.
17
Suppose 3*n - 48 = -0*n. Suppose -u + 1291 = -a, 1677 = 5*a + 2*u + 8167. Let p be ((-1)/(-3))/((-27)/a). Calculate the highest common factor of n and p.
16
Suppose 2096 = 23*m - 19*m + 4*g, 2*m - 1044 = -g. What is the greatest common divisor of 312 and m?
104
Let g be (6/3)/((-7)/(-742)). Suppose l - g = -l. Suppose 10*c + 26 = l. What is the highest common divisor of c and 56?
8
Let d(f) = -93*f + 19. Let j be d(-5). Let k = j - 468. Let p be 0 + -1 + 5 + -2. What is the greatest common factor of p and k?
2
Let a = 307 + -60. Let b = a - 208. What is the highest common divisor of 897 and b?
39
Let l(y) = -750*y + 8262. Let s be l(10). Calculate the greatest common factor of s and 24.
6
Suppose 0 = -9*y - 25 + 97. Suppose -44 + y = -3*v. Suppose -157 = -v*j + 11. Calculate the greatest common factor of j and 126.
14
Let v(y) = -28*y - 14 - 589*y**2 + 295*y**2 + 295*y**2 + 74. Let g be v(26). Calculate the greatest common factor of 32 and g.
8
Let z = 2342 + -3314. Let i be z/(-22) + 4/(-22). Calculate the greatest common divisor of i and 44.
44
Suppose 160 + 56 = 2*g. Let q = -56 + g. Let j = 54 - q. Calculate the highest common factor of 5 and j.
1
Suppose 0 = -59*x + 43*x. Suppose 23*n + 169 = 3*k + 18*n, x = -k + n + 57. What is the highest common divisor of 290 and k?
58
Let r be (-11 - -6 - -76) + 100/(-20). What is the highest common divisor of 474 and r?
6
Let l(s) = s**3 - 4*s**2 + 7*s. Let r be (-6)/4 + (-26)/(-4). Let k be l(r). Calculate the greatest common divisor of k and 48.
12
Suppose 34*f + 4 = 36*f. Let v be f + 0 - (7 + -6 - 4). Let r be 54/27 - (-1 + 1 - 18). What is the highest common divisor of v and r?
5
Let g(x) = x**3 - 4*x**2 - 13*x + 26. Let i be g(6). Suppose -i*h + 74 + 146 = 0. What is the greatest common factor of h and 517?
11
Let y(t) = -t + 45. Let c be y(17). Let s be 5/((c/12)/7). Suppose -27 = -2*h + s. What is the greatest common divisor of h and 14?
7
Let h be 14/((-1512)/(-63855)) - -2*(-3)/(-8). Calculate the highest common factor of h and 12.
4
Let p(o) = -2552*o - 15304. Let i be p(-6). Suppose 0 = -j - 2*s - s + 257, 2*j - 549 = s. What is the highest common divisor of i and j?
8
Suppose 3*n + 229*x = 227*x + 101, 0 = -2*n - 3*x + 79. What is the greatest common factor of n and 135?
1
Let t be (950/57)/((2/3)/1). Suppose 47*r - 46*r - t = -3*g, 3*g - 5*r - 37 = 0. Let k be 1 + 1/((-2)/(-160)). Calculate the greatest common divisor of k and g.
9
Let m = 29 - -106. What is the greatest common divisor of m and 30?
15
Suppose -68*m + 30104 = -50*m - 28864. What is the greatest common factor of m and 60?
12
Let y(p) = -54*p + 237. Let n be y(-1). Calculate the greatest common divisor of n and 291.
291
Suppose 11*b - 6588 = -6500. What is the greatest common factor of b and 10456?
8
Let f = 1232 - 2101. Let g = 907 + f. Calculate the greatest common factor of g and 551.
19
Let n = -5334 - -5336. Let s = 7 - 4. Suppose 71 = s*z - 4*g, z + 3*g - n = -0*z. Calculate the greatest common divisor of z and 187.
17
Let d be -3 - 113/(-4) - 9/(-12). Suppose d*z - 31*z + 450 = 0. What is the highest common divisor of z and 10?
10
Let d be 23 + (-1 + 0/(-2))*3. Suppose 5*n = d*n - 15. Calculate the greatest common divisor of 4 and n.
1
Let r be -1*-4*(-5)/(-20) - -80. Calculate the greatest common factor of r and 738.
9
Let y be 1/5 + (-8064)/(-180). Let j(q) = q**3 + 8*q**2 + 7*q + 7. Let g be j(-7). Suppose -2*n + 11 = -g. What is the greatest common divisor of n and y?
9
Let x be ((-12)/(-9))/(-1*2/(-6)). Suppose 4*p - 2*p = -x*i + 28, -5*i = -5*p - 50. What is the greatest common factor of i and 76?
4
Suppose 0 = 5*p - 5*m - 5, 5*p - 9 = 4*p - 3*m. Suppose 39 = p*c - 3. Calculate the greatest common factor of c and 224.
14
Let z be 5 + -6 + -2 + 478. What is the greatest common divisor of 1520 and z?
95
Let k = 15 + -7. Let w = -30741 + 30755. What is the greatest common factor of w and k?
2
Let l be (11/(-34 - -1))/((-4)/1200). What is the highest common factor of 660 and l?
20
Suppose -36*v = 14*v - 7228 - 4872. Calculate the greatest common divisor of 4719 and v.
121
Let m = 3669 + -3633. What is the highest common factor of m and 6?
6
Let j be 4/120*-5 + (-4057)/(-6). Let y = -586 + j. Calculate the highest common factor of 10 and y.
10
Let v be 3/(-9) + -1*680/(-24). Let d be 1113/15 + v/35. Calculate the greatest common divisor of 30 and d.
15
Let n be (5 + -1)*22/4. Let y = -39919 - -40018. Calculate the highest common divisor of y and n.
11
Let u be -1 + 3*25 + -2. Let j be 48/((80/(-55))/(-8)). What is the greatest common divisor of u and j?
24
Let a = 18615 - 17755. What is the highest common factor of 540 and a?
20
Suppose 3*r + 4*m = 492, 0 = 14*r - 18*r - m + 669. Calculate the highest common factor of 996 and r.
12
Suppose 3*k - 6 = 12. Suppose -22 = -2*l + 4*x - 2*x, 8 = 4*l + 5*x. Suppose -k*d = -l*d + 10. Calculate the highest common factor of d and 90.
10
Suppose -292*j + 1094 = -294*j. Let v = 179 - j. Calculate the highest common factor of v and 66.
66
Suppose -3*j + 1795 = r, 332*r + 4*j = 333*r - 1732. What is the greatest common factor of 2392 and r?
104
Let j = 10223 + -8090. Calculate the greatest common factor of j and 162.
27
Let v = 31612 + -27695. What is the highest common divisor of 1 and v?
1
Suppose -872 = -c + 5*k - 2*k, 5*c = -k + 4344. Let m = c + -835. What is the greatest common divisor of m and 2?
2
Let v(w) = -11*w + 146. Let o = -218 - -227. Let l be v(o). What is the highest common factor of 235 and l?
47
Let z(y) = 2 - 7*y + 5*y**3 - 10*y**3 + 6*y**3 - 6*y**2 + 0*y**3. Let o be z(7). Let f be (10 - 5 - -9)/1. Calculate the greatest common factor of f and o.
2
Let f(r) = r**3 + 7*r**2 + 11*r + 1. Let b be f(-7). Let d = 109 + b. Calculate the greatest common factor of 12 and d.
3
Let t = 5680 + -1296. Calculate the highest common divisor of t and 8.
8
Suppose 4*w + 206 = -0*w - 2*y, -162 = 3*w + 4*y. Let x = 55 + w. Let k(a) = a**2 - 5*a + 11. Let u be k(x). What is the greatest common divisor of 11 and u?
11
Let z(p) = 17*p - 3. Let q be 1*((-1)/4 + (-122)/(-8)). Suppose 12*w - 7*w = q. Let f be z(w). Calculate the greatest common factor of f and 36.
12
Suppose 4*j = -7*x + 4*x + 12, -12 = 5*j - 3*x. Suppose -4*y = -4*v + 180, j = -4*v - 5*y + 158 + 13. Calculate the highest common divisor of 22 and v.
22
Let q(i) = -i - 5. Let s be q(-5). Suppose 4*p - 27*p + 27600 = s. Calculate the greatest common factor of 30 and p.
30
Let g(u) = 8*u**2 + 3*u - 2. Let n = 28 - 27. Let k be g(n). Suppose 3*q - 4*b = 55, q - 4*b + 4 - k = 0. Calculate the highest common divisor of 225 and q.
25
Suppose 653 - 110 = 24*d - 1329. Let u = -378 + 560. Calculate the greatest common factor of u and d.
26
Suppose 0 = 3*n - 3*y + 306, 7*n - y = 3*n - 405. Let x = n - -111. What is the highest common factor of 320 and x?
10
Let y = -27 - -31. Let q be (y*8)/((-824)/120 + 7). What is the greatest common factor of 60 and q?
60
Let u be (4/12)/(1/366). Let z(p) = -2*p**3 - p**3 - 13*p + 114*p**2 + 12 - u*p**2 + 4*p**3. Let c be z(10). Calculate the highest common divisor of 41 and c.
41
Let g = -512 + 964. Calculate the greatest common factor of 1017 and g.
113
Let l(i) = -i**3 + 4*i**2 + 11*i - 26. Let t be 3/2*((-114)/(-9) - 10). Let n be l(t). Calculate the greatest common factor of 60 and n.
6
Let q(z) = -z**2 - 108*z - 182. Let b be q(-29). Calculate the highest common divisor of b and 111.
111
Suppose 3*p = -5*z + 16, 3*p + 105*z - 103*z = 28. Let r be (-1)/(1/(-8)) + 0. Calculate the highest common factor of p and r.
4
Suppose 110*q - 31239 = -162*q + 49273. Calculate the highest common factor of q and 184.
8
Let u = 532 - 527. Suppose -d = 2*f - 150, -u*f = -3*d - 134 - 252. What is the greatest common divisor of f and 4?
4
Let g(r) = -5*r + 11. Let u be g(3). Let s be (10/6)/(u/(-48)). Suppose 0 = 5*k - 5 - s. What is the greatest common factor of 20 and k?
5
Let s(q) = 71*q + 2. Let f be s(4). Let a be (162/(-36) + -2*1)/((-1)/4). What is the greatest common divisor of a and f?
26
Let v(o) = -4*o - 